+ 14*l - 143. Determine f(-21).
4
Let o(t) = t**3 - 2*t**2 - 3761*t + 18734. Determine o(5).
4
Let r(q) = 27*q**3 - 77*q**2 - 507*q + 1462. What is r(3)?
-23
Let n(x) = 797*x + 7065. Calculate n(-10).
-905
Let l(b) = -b**3 + 257*b**2 - 414*b - 24588. Calculate l(255).
-108
Let m(j) = -200*j + 4359. Calculate m(20).
359
Let t(c) = c**2 + 3705*c - 830400. What is t(212)?
4
Let g(t) = t**3 + 70*t**2 + 253*t + 92. Calculate g(-66).
818
Let l(y) = 1962*y + 207975. Give l(-106).
3
Let g(o) = -656*o + 2300. Calculate g(2).
988
Let g(w) = w**3 - 843*w**2 - 3358*w + 54. Calculate g(-4).
-66
Let m(r) = r**3 + 30*r**2 - 1222*r + 33. What is m(23)?
-36
Let f(i) = 183644*i + 918214. Calculate f(-5).
-6
Let s(w) = 1073*w - 26168. Determine s(26).
1730
Let v(h) = 2502404*h - 2502420. Calculate v(1).
-16
Let k(g) = -10*g**2 - 443*g + 197. Give k(-46).
-585
Let g(i) = -16*i**3 + 171*i**2 + 55*i + 23. Determine g(11).
23
Let r(l) = l**2 - 1863*l + 255392. What is r(149)?
6
Let h(u) = -531075*u - 10090443. Give h(-19).
-18
Let b(c) = c**3 - 41*c**2 - 94*c + 465. What is b(43)?
121
Let u(n) = n**2 + 54*n - 15878. Determine u(-155).
-223
Let r(w) = -4639*w**2 - 78866*w - 51. Give r(-17).
0
Let p(b) = 2*b**3 + 135*b**2 + 1428*b + 112. What is p(-13)?
-31
Let z(c) = 2*c**3 + 301*c**2 + 353*c + 76101. Determine z(-151).
-3
Let t(q) = -q**3 - 112*q**2 - 1109*q + 49. Determine t(-101).
-153
Let k(i) = -i**2 + 388*i + 218552. Give k(-312).
152
Let v(y) = -y**3 - 63*y**2 - 62*y + 59. What is v(-62)?
59
Let o(y) = -434*y + 5690. Calculate o(13).
48
Let g(d) = -97*d + 9865. Give g(99).
262
Let z(x) = -1185*x**2 + 23682*x + 352. Calculate z(20).
-8
Let s(l) = -5339*l**2 + 820*l + 819. Calculate s(-1).
-5340
Let j(f) = 75*f + 4143. What is j(-10)?
3393
Let m(y) = 1975343*y - 11852053. Calculate m(6).
5
Let b(x) = 5*x**2 + 1831*x + 14339. Determine b(-8).
11
Let n(s) = -s**3 - 22*s**2 + 1538*s + 30301. Calculate n(-19).
-4
Let i(f) = -5*f**2 + 156804*f + 2510141. What is i(-16)?
-3
Let a(z) = -z**3 + 128*z**2 - 1412*z + 229. What is a(12)?
-11
Let w(s) = 53*s + 1397. Calculate w(-28).
-87
Let y(u) = 2*u**3 + 67*u**2 - 126*u - 5244. Give y(-33).
3
Let m(s) = -1926*s + 3127. Determine m(2).
-725
Let o(b) = 71*b**2 - 159*b - 172. Calculate o(3).
-10
Let p(z) = -z**2 - 1316*z + 146155. Determine p(103).
-2
Let b(q) = 7*q**2 - 168*q - 3019. Give b(-12).
5
Let g(v) = -5*v**2 + 8*v - 47. Give g(10).
-467
Let s(b) = 25*b**2 + 546*b + 1932. Calculate s(-17).
-125
Let f(m) = -m**2 + 119*m - 1579. Determine f(105).
-109
Let t(l) = 4*l**2 + 52*l - 708. What is t(-25)?
492
Let f(i) = -743*i - 6289. Calculate f(-8).
-345
Let t(h) = 1479*h - 10088. Calculate t(7).
265
Let s(l) = -290*l**2 - 292*l - 10. Give s(-1).
-8
Let i(c) = -110*c - 11517. Calculate i(-105).
33
Let m(q) = 4*q**2 + 339*q - 4035. Determine m(14).
1495
Let a(p) = -18965*p + 189497. Give a(10).
-153
Let q(u) = u**3 + 43*u**2 + 77*u - 379. What is q(-41)?
-174
Let c(o) = -56*o + 1154. Determine c(28).
-414
Let x(b) = b**3 - 38*b**2 - 468*b - 115. Determine x(47).
-2230
Let t(v) = -31*v**2 - 117*v + 416. Give t(-6).
2
Let h(x) = -6*x**3 + 853*x**2 - 2649*x + 1112. Calculate h(139).
0
Let j(v) = 50*v**2 - 279*v - 1411. What is j(-5)?
1234
Let c(k) = 45*k**2 - 3*k - 46. Calculate c(2).
128
Let c(x) = x**3 + 40*x**2 - 116*x + 2625. Determine c(-44).
-15
Let x(p) = 5*p**2 + 1130*p - 1790. Calculate x(-229).
1645
Let x(i) = 10027*i + 9936766. Determine x(-991).
9
Let f(u) = u**2 + 2508*u + 2508. What is f(-1)?
1
Let v(r) = r**3 + 3*r**2 + 16511*r - 19. What is v(0)?
-19
Let y(p) = -p**3 - 35*p**2 - 39*p - 4203. Calculate y(-37).
-22
Let z(d) = -4*d**3 - 62*d**2 - 188*d + 104. Give z(-11).
-6
Let i(r) = -4596*r + 6241365. Calculate i(1358).
-3
Let p(t) = 32*t**2 + 130037*t + 130037. What is p(-1)?
32
Let j(v) = v**3 - 19*v**2 + 10*v - 606. Calculate j(19).
-416
Let i(g) = -106643*g + 426710. Calculate i(4).
138
Let l(p) = 2*p**3 - 84*p**2 - 356*p - 301. Give l(46).
251
Let u(j) = 2*j**3 + 138*j**2 - 314*j - 2209. Calculate u(-71).
-79
Let h(o) = -374*o - 3368. What is h(-10)?
372
Let g(y) = -6*y**2 - 4325*y + 48781. Give g(-732).
-263
Let d(p) = -1046*p**2 + 14670*p - 383. Give d(14).
-19
Let m(j) = 19*j**2 + 760*j + 1436. What is m(-2)?
-8
Let v(m) = 492616*m - 11330153. Calculate v(23).
15
Let f(h) = -h**3 + 26*h**2 + 672*h + 3. Calculate f(-16).
3
Let w(i) = 18632*i + 279495. Calculate w(-15).
15
Let f(t) = -22*t**2 - 16419*t - 102858. Calculate f(-740).
2
Let l(z) = -204*z**2 + 46862*z - 46860. Determine l(1).
-202
Let r(i) = i**3 - 5*i**2 + 936*i - 6572. Give r(7).
78
Let l(j) = -167*j + 1363. Calculate l(-6).
2365
Let f(w) = 4*w**3 - 64*w**2 + 57*w - 813. Give f(15).
-858
Let y(b) = 231205*b + 924811. Calculate y(-4).
-9
Let k(o) = -o**3 + 11*o**2 - 8*o + 628. What is k(13)?
186
Let z(h) = 59688*h + 118595. Determine z(-2).
-781
Let t(l) = -l**3 - 6*l**2 + 1279*l + 239. Calculate t(-39).
551
Let x(m) = 16*m**2 - 867*m + 4284. Determine x(5).
349
Let u(x) = 2798*x - 13597. Calculate u(5).
393
Let j(y) = 2*y**3 - 139*y**2 + 639*y + 4136. What is j(64)?
-24
Let x(n) = 32297*n - 581334. What is x(18)?
12
Let s(d) = -4*d**3 + 46*d**2 - 219*d + 1. Calculate s(7).
-650
Let t(h) = 469*h - 44673. What is t(95)?
-118
Let b(t) = -685*t + 8710. What is b(13)?
-195
Let x(c) = 16*c**2 - 1260*c - 96. Calculate x(79).
220
Let r(o) = -114912*o + 574562. What is r(5)?
2
Let a(g) = -g**3 - 39*g**2 + 754*g + 25014. Calculate a(-43).
-12
Let b(h) = h**2 - 9444*h - 1478099. Calculate b(-154).
-7
Let o(m) = -65*m**3 - 401*m**2 + 148*m + 881. Give o(-6).
-403
Let u(c) = c**3 + 116*c**2 + 5*c + 626. Determine u(-116).
46
Let h(x) = x**3 + 27*x**2 + 72*x + 534. Determine h(-25).
-16
Let v(a) = a**3 + 5*a**2 - 145*a - 70. Give v(10).
-20
Let y(z) = 14*z**2 + 15*z - 109. Calculate y(8).
907
Let o(p) = -p**3 + 133*p**2 - 2113*p + 8832. What is o(10)?
2
Let b(o) = o**3 + 427*o**2 + 94*o + 40146. Calculate b(-427).
8
Let f(p) = -p**3 + 24*p**2 - 581*p + 6013. Calculate f(14).
-161
Let i(c) = -2*c**3 + 25*c**2 - 220*c + 2031. Give i(11).
-26
Let h(q) = -124432*q + 746583. Calculate h(6).
-9
Let c(d) = -d**3 + 82*d**2 + 2521*d + 2462. What is c(106)?
24
Let g(c) = -9454*c + 11876. Calculate g(1).
2422
Let z(k) = 1126*k**2 - 135119*k - 37. Give z(120).
83
Let b(u) = 1952*u - 74149. Give b(38).
27
Let r(m) = 3*m**2 + 199*m - 2561. Calculate r(11).
-9
Let p(w) = 1107*w - 97598. Calculate p(88).
-182
Let x(o) = 3*o**3 + 15*o**2 - 447*o - 2175. Calculate x(-5).
60
Let i(b) = -b**3 + 3*b**2 + 12*b + 80. Determine i(10).
-500
Let z(s) = 2*s**3 - 14*s**2 - 69*s - 122. What is z(10)?
-212
Let z(f) = f**3 + 3744*f**2 - 18745*f + 7. Give z(5).
7
Let t(o) = 33*o**3 - 64*o**2 + 33*o + 124. Calculate t(-1).
-6
Let s(u) = -u**2 + 583*u - 57246. Give s(125).
4
Let f(x) = x**2 - 313*x + 3379. Calculate f(11).
57
Let x(s) = -6*s**3 - 51*s**2 + 26*s + 30. Give x(-1).
-41
Let m(x) = 2*x**2 - 1131*x - 24711. Determine m(-21).
-78
Let c(j) = 7*j**3 + 27*j**2 - 21*j - 34. What is c(-2)?
60
Let n(x) = 108*x - 579. Calculate n(6).
69
Let w(l) = -1611*l + 354412. Determine w(220).
-8
Let q(b) = 2*b**3 - 179*b**2 + 285*b + 13092. Determine q(87).
42
Let s(w) = 4*w**2 - 3379*w - 62092. Give s(-18).
26
Let x(p) = 21*p - 2069. Give x(-8).
-2237
Let k(a) = -21*a**2 + 15*a - 29. Determine k(6).
-695
Let i(t) = 810*t + 20989. Determine i(-26).
-71
Let t(k) = k**3 + 102*k**2 - 389*k - 132. Calculate t(4).
8
Let c(t) = 1187*t - 15906. Give c(12).
-1662
Let y(w) = -228*w**3 - 4*w**2 - 22*w - 41. Determine y(-2).
1811
Let j(y) = 233*y**3 + y**2 + 21*y - 39. What is j(2)?
1871
Let s(a) = 3*a**3 + 270*a**2 - 33*a + 182. Calculate s(-90).
3152
Let y(i) = 3*i**3 - 631*i**2 + 1863*i - 2. Calculate y(3).
-11
Let x(a) = -3283*a + 564607. What is x(172)?
-69
Let h(t) = -2*t**3 + 91*t**2 + 190*t - 2283. Determine h(47).
20
Let n(z) = 9*z**3 + 154*z**2 - 47*z - 1077. What is n(-17)?
11
Let m(r) = 108*r + 1010. Give m(-12).
-286
Let s(b) = 280*b - 6642. Calculate s(30).
1758
Let n(y) = 8509*y - 59564. Give n(7).
-1
Let d(p) = 287*p**2 + 31283*p - 29. What is d(-109)?
-29
Let h(t) = -2*t**3 - 27*t**2 + 117992*t + 1534001. What is h(-13)?
-64
Let j(i) = 3*i**2 - 319*i + 5327. Determine j(21).
-49
Let z